 Calculate d(n).
-11
Let x(h) = -h - 1. Let l(b) = -4*b - 10. Let c(d) = -17*d - 40. Let n(r) = 2*c(r) - 9*l(r). Let s be n(-7). What is x(s)?
3
Let r(v) = v**2 + 6*v - 1. Let c be ((-6)/4)/(2/(-8)). Let s = c + -12. Calculate r(s).
-1
Let c(w) = -2*w - 3. Let l = -5 - -3. Give c(l).
1
Let o(a) = -2*a - a + 2*a - 8. Let t(l) = 2*l + 4. Let m be t(-5). Calculate o(m).
-2
Let p(t) = 3*t**2 - t - 4 + 4. Let c be p(1). Suppose 4*o = 2*x - 0*o + c, -5*x + 37 = 4*o. Let y(h) = -h + 3. Calculate y(x).
-2
Let l(u) = -u**3 - 5*u**2 + 6*u + 1. Suppose -5*f + 3*d = -58, -2 = -2*f - 2*d + 34. Suppose 7*w - 8*w = -8. Let b = w - f. Give l(b).
1
Let z(s) be the third derivative of -s**7/2520 - s**5/120 - s**4/24 - s**2. Let w(j) be the second derivative of z(j). Determine w(2).
-5
Let i(y) = y**3 + 5*y**2 - 2. Let s be i(-5). Let h(k) = -k**3 - k**2 - k - 2. Calculate h(s).
4
Let t(i) be the first derivative of 2*i**2 + 2*i - 1. Suppose 40 = 4*f - 3*j, 0*f + 3*f = 4*j + 30. Suppose -7*a + f = -2*a. Give t(a).
10
Suppose 2*l - 9 = -j, -j + 3*j - 18 = 2*l. Let a be j/(-1) - (0 - 3). Let p(q) be the third derivative of q**5/60 + q**4/4 - 5*q**3/6 - 2*q**2. Calculate p(a).
-5
Let r = 11 + -8. Suppose -8 = -r*f + l - 2, 0 = 5*l. Let c(m) = 2*m + 2. What is c(f)?
6
Let c(z) = -z**2 - 6*z - 1. Let x = -3 + 2. Let r(g) = -7*g**2 + 1. Let l be r(x). Let d be ((-15)/l)/((-2)/4). Determine c(d).
4
Let m(z) be the first derivative of z**4/2 + 11*z**3/3 + 2. Let q(u) = -u**3 - 6*u**2. Let g(o) = 3*m(o) + 5*q(o). Let v = 29 - 32. What is g(v)?
0
Suppose 4*g = 2*v + 10, -v = -3*v - 2. Let c(d) = -4*d**2 - 2*d**g + 5 + 5*d**2 + d**3. Let q = 1 - 1. Determine c(q).
5
Let q(y) = -y**3 + 5*y**2 + 6*y - 5. Let p be q(6). Let r be (-1)/1*-3 + p. Let s(a) be the third derivative of -a**4/24 - a**3/3 + a**2. Give s(r).
0
Let b(m) = -2*m - 3. Suppose 5*p - 6*t = -5*t - 20, 5*p = -5*t + 10. Give b(p).
3
Let i(w) = -w**2 - 3*w - 3. Let x(f) = -f**2 - 5*f - 2. Let k(p) = -5*p**2 - 26*p - 9. Let a(r) = -2*k(r) + 11*x(r). Let g be a(-3). Calculate i(g).
-7
Let v(g) be the second derivative of 2/3*g**3 + 0*g**2 - g + 0. What is v(2)?
8
Let a(h) = h**2 + 8*h + 1. Suppose -4*b = 4*i - 5*b - 19, 5*b + 27 = 3*i. Suppose i*q + j = -49, 4*j = 5*q - j + 80. Let g = q - -7. What is a(g)?
-11
Let q(v) = 3*v**2 - 3*v + 1. Let n(r) = 2*r**2 - 2*r + 1. Let j(b) = 4*n(b) - 3*q(b). Let c be 1/2*(-4 - 0). What is j(c)?
-5
Let c(i) = i**3 - 2*i**2 - 3*i - 1. Let n(z) = -3*z**3 + 7*z**2 + 10*z + 3. Let v(y) = -11*c(y) - 4*n(y). Let k be 2/((-8)/(-14))*2. Calculate v(k).
-1
Let n(a) = 2*a**3 - a**2 - 4*a - 4. Let g(b) = 3*b**3 - b**2 - 3*b - 3. Let d(i) = 4*g(i) - 3*n(i). Let v be (-1)/3*(-3 - -6). Let r = v + 2. Determine d(r).
5
Let c(j) = 9 + 4*j - 11 - j. Determine c(3).
7
Let v(o) = -o**3 - 5*o**2 + 7*o + 7. Suppose -24 = 2*n + 2*n. Determine v(n).
1
Let f(s) = s - 1. Let b(t) = -t**3 - 2*t**2 - 2*t - 1. Let p be b(-1). Let d(q) = -q - 5. Let a be d(p). What is f(a)?
-6
Let j(q) = -3*q**3 - q**2 + 3*q + 6. Let l(m) = 4*m**3 + 2*m**2 - 3*m - 7. Let x(a) = -6*j(a) - 5*l(a). Determine x(-2).
5
Let p(q) = -3*q**2 + 2 + 2*q**2 + 0*q + 2*q**2 + 3*q. Let d = -4 - -10. Suppose d = -2*g - g. Determine p(g).
0
Suppose -4*i - 45 = 5*v, -6*v - 2*i - 35 = -v. Let b(h) = -h**3 - 6*h**2 - 3*h + 1. Calculate b(v).
-9
Let l(f) = f + 4. Let p = -19 + 14. Let x be 32/p + 6/(-10). What is l(x)?
-3
Suppose 2*y = -5*t - 2, 3*t = -0*y + y - 10. Suppose -2*f = -y*u + 3*f - 40, -2*u + 2 = 3*f. Let s(i) = i**2 + 6*i + 2. Give s(u).
-3
Let q(x) = -10*x - 2. Let c(w) = 12*w + 1 - 8 - 42*w. Let n(k) = 2*c(k) - 7*q(k). What is n(1)?
10
Let b(s) = -s + 4. Let v be b(-6). Suppose 10 = -0*k - 5*k + 5*q, 0 = 3*k - 4*q + v. Let f(x) = x**3 - 3*x**2 + 2*x. What is f(k)?
0
Let t(p) = -p**2 + 5*p - 3. Let o(k) = 4*k + 1 - 5*k - 2. Let u be o(3). Let r be ((-20)/6)/(u/6). Give t(r).
-3
Let h(d) be the second derivative of d**5/20 - d**3/6 - 3*d**2 - d. Let g be 2/(-10) - 1/(-5). Determine h(g).
-6
Let k(w) = -3*w - 6. Let i(a) = a. Let b(f) = 2*i(f) + k(f). Determine b(0).
-6
Let n = 4 - 10. Let w(j) = -j - 8. Give w(n).
-2
Let g(x) be the third derivative of -x**5/60 + x**4/4 - x**3/2 - 18*x**2. Let v be -1 + 0 + 0 + 1. Suppose 5*t = -a - 15, v*t - 6 = -2*a - t. Determine g(a).
2
Let n(p) = -p**2 + p. Let t(u) = u**3 - 9*u**2 - 5. Let j(w) = -5*n(w) + t(w). Let h be 231/(-2) - (-4)/(-8). Let s be 2/12 + h/(-24). Give j(s).
-5
Let i(k) = 5*k - 1. Let l(t) be the first derivative of t**2/2 + 10*t - 8. Suppose -4*w + 3*w - 8 = 0. Let q be l(w). What is i(q)?
9
Let y = -15 - -8. Let z(l) = l**2 + 8*l + 2. Determine z(y).
-5
Let z(x) = -x**2 - 103*x + 208*x + 3 - 102*x. Suppose -2*o - 3*r + 14 = 0, -4 - 18 = -4*o - 3*r. Suppose o*k - 6 = 6. Calculate z(k).
3
Let s(y) = -y**2 + y - 1. Let x(m) = -5*m - 1. Let q(t) = s(t) - x(t). Let f(k) = -k**2 + 6*k + 3. Let n be f(6). Determine q(n).
9
Let c(z) = 3*z + 0*z - 4 + 2*z - 6*z. Let i(x) = 1. Let h(p) = -2*c(p) - 10*i(p). Determine h(-2).
-6
Let o(k) = -4*k - 2. Let s(z) = 3*z - 23. Let u be s(6). Calculate o(u).
18
Let r(w) = w**3 + w + 4. Suppose 5*j + 6 = -l, 24 = l - 5*l - j. Let i = 6 + l. Suppose -4*q = -4*o + 20, i = o + 2*o - 5*q - 25. What is r(o)?
4
Let p(n) = n. Let a = -15 + 15. Determine p(a).
0
Let m(o) = -o + 10. Let z be m(8). Suppose z*v = 1 + 5. Let r(s) = -s**2 + 3*s - 3. Calculate r(v).
-3
Let w(i) be the first derivative of 9/2*i**2 - 9 + 1/3*i**3 + 4*i. Determine w(-6).
-14
Let b(q) = -7*q**3 - 3*q**2 + 5*q + 2. Suppose 3*k + 17 = -5*f + 59, k = 4. Let i(m) = 13*m**3 + 5*m**2 - 9*m - 4. Let n(v) = f*i(v) + 11*b(v). Calculate n(3).
1
Let p(h) be the first derivative of h**3/3 - 2*h**2 - 52. Suppose -2*i = -3*q + 15, 0 = 4*q + 2*i + 6 - 26. Give p(q).
5
Let r be (14/35)/((-2)/10). Let i = r - -5. Let t(v) = v + 0*v - 7*v + i*v. Calculate t(-1).
3
Let d(t) = -t**2 + 19*t - 54. Let q be d(16). Let m(l) be the third derivative of l**5/60 + l**4/3 + l**3/3 - 2*l**2. What is m(q)?
-10
Let b = 33 + -33. Let h(j) = j**2 + 1. Determine h(b).
1
Let q(k) = 1 - 1 + k. Let v(d) = -d**2 - 9*d + 8. Let z be v(-10). Determine q(z).
-2
Suppose 5*q - 75 = d + d, -3*q + 26 = -5*d. Let h = q + -15. Let c(u) = -2*u + 3. Calculate c(h).
-1
Let m(t) = 3*t + 14. Let o(f) = -2*f - 13. Let h(c) = -3*m(c) - 4*o(c). Let x be h(9). Let v(y) = -3*y**2 + 2*y**2 + 1 + 0*y**2. Calculate v(x).
0
Let v = 3 - 1. Let l(x) = -4 + 3*x + v - 2. What is l(3)?
5
Let i(l) = -l**3 + 9*l - 7 + 17*l**2 - 5*l**2 - 6*l**2. Calculate i(7).
7
Let r(t) = 3*t**3 - 10*t + 2*t**3 - 10 - 6*t**3 - 8*t**2. What is r(-7)?
11
Let u(c) = c + 1. Let g be 1/3 + 160/(-30). Give u(g).
-4
Let n(z) = z**2 - 6*z + 4. Let c(w) = -w**2 - 9*w + 6. Let r be c(-9). What is n(r)?
4
Let i(o) be the second derivative of 7*o**4/6 - 7*o**3/6 - 7*o**2/2 + 7*o. Let a(u) = -5*u**2 + 2*u + 2. Let r(n) = 11*a(n) + 4*i(n). Determine r(6).
-6
Let u(i) = -9*i**2 + i - 7. Let m(z) = 5*z**2 - z + 4. Let a(n) = 11*m(n) + 6*u(n). Give a(2).
-4
Let p(b) = -b - 7. Suppose -4*u + 180 = 2*u. Suppose 5*m + u = -0*m. What is p(m)?
-1
Let o = -14 - -20. Let v(d) = -d**2 + 6*d - 6. Calculate v(o).
-6
Let h(z) = -z + 6. Let i(l) = l**3 + 13*l**2 - l - 6. Let b be i(-13). Determine h(b).
-1
Suppose 0*n - 2*n = 0. Let q(g) be the first derivative of -g**3/6 - 9*g**2/2 - 5*g + 5. Let c(x) be the first derivative of q(x). Determine c(n).
-9
Let n(c) = -c**2 - 2*c - 1. Let m be (-153)/(-21) - 2/7. Let i = 4 - m. Determine n(i).
-4
Let i be (4/2)/((-2)/5). Let n(u) = -7*u**3 - 10*u**2 + 13*u + 4. Let l(c) = -6*c**3 - 9*c**2 + 12*c + 4. Let p(k) = -6*l(k) + 5*n(k). Calculate p(i).
6
Let i(j) = 5*j**3 + 11*j**2 - 2*j - 5. Let k(p) = -2*p**3 - 5*p**2 + p + 2. Let u(a) = -6*i(a) - 14*k(a). Give u(3).
-22
Let c(g) = g**3 - 2*g**2 + 3*g. Suppose 4*k - 23 = -3. Suppose -k*r - 4*d - 85 = 80, -d = 4*r + 132. Let a be 2/(-10) + r/(-15). What is c(a)?
6
Suppose 0 = -6*m + 2*m + 4*x + 24, -x - 3 = 2*m. Let q(g) be the third derivative of g**6/60 + g**5/60 - g**3/6 + 4*g**2. What is q(m)?
2
Let y(u) = -6*u**2 + 1. Let m = -5 + 6. Give y(m).
-5
Let h(d) be the first derivative of 0*d - 2/3*d**3 - 1 + 1/2*d**2 + 1/8*d**4. Let w(y) be the second derivative of h(y). Calculate w(3).
5
Let 